3.
26
Calculate the remainder when 508 is divided by 148.
64
What is the remainder when 169 is divided by 10?
9
Calculate the remainder when 568 is divided by 15.
13
Calculate the remainder when 733 is divided by 35.
33
What is the remainder when 298 is divided by 15?
13
What is the remainder when 4133 is divided by 92?
85
What is the remainder when 1115 is divided by 26?
23
Calculate the remainder when 1494 is divided by 22.
20
Calculate the remainder when 149 is divided by 58.
33
What is the remainder when 1259 is divided by 320?
299
What is the remainder when 1497 is divided by 10?
7
Calculate the remainder when 377 is divided by 140.
97
What is the remainder when 7064 is divided by 124?
120
Calculate the remainder when 162 is divided by 80.
2
What is the remainder when 728 is divided by 185?
173
What is the remainder when 832 is divided by 155?
57
What is the remainder when 68 is divided by 37?
31
Calculate the remainder when 35 is divided by 10.
5
Calculate the remainder when 3123 is divided by 108.
99
Calculate the remainder when 48 is divided by 23.
2
Calculate the remainder when 569 is divided by 26.
23
Calculate the remainder when 909 is divided by 38.
35
What is the remainder when 168 is divided by 45?
33
What is the remainder when 1117 is divided by 222?
7
Calculate the remainder when 3433 is divided by 15.
13
Calculate the remainder when 160 is divided by 38.
8
What is the remainder when 5551 is divided by 101?
97
What is the remainder when 94 is divided by 11?
6
What is the remainder when 494 is divided by 62?
60
Calculate the remainder when 125 is divided by 33.
26
Calculate the remainder when 1222 is divided by 204.
202
What is the remainder when 332 is divided by 70?
52
What is the remainder when 955 is divided by 223?
63
What is the remainder when 459 is divided by 93?
87
Calculate the remainder when 117 is divided by 3.
0
Calculate the remainder when 102 is divided by 13.
11
What is the remainder when 785 is divided by 132?
125
What is the remainder when 613 is divided by 203?
4
What is the remainder when 9086 is divided by 32?
30
What is the remainder when 27705 is divided by 121?
117
What is the remainder when 167 is divided by 89?
78
What is the remainder when 3160 is divided by 264?
256
What is the remainder when 183 is divided by 34?
13
What is the remainder when 6508 is divided by 2162?
22
Calculate the remainder when 220 is divided by 4.
0
Calculate the remainder when 81 is divided by 57.
24
Calculate the remainder when 2979 is divided by 143.
119
What is the remainder when 567 is divided by 15?
12
What is the remainder when 1682 is divided by 11?
10
What is the remainder when 52 is divided by 6?
4
Calculate the remainder when 506 is divided by 39.
38
Calculate the remainder when 2784 is divided by 17.
13
What is the remainder when 76 is divided by 9?
4
What is the remainder when 134 is divided by 42?
8
What is the remainder when 127 is divided by 45?
37
Calculate the remainder when 15149 is divided by 303.
302
Calculate the remainder when 822 is divided by 202.
14
What is the remainder when 571 is divided by 41?
38
Calculate the remainder when 297 is divided by 292.
5
Calculate the remainder when 133 is divided by 31.
9
What is the remainder when 65 is divided by 17?
14
What is the remainder when 1197 is divided by 399?
0
What is the remainder when 859 is divided by 108?
103
What is the remainder when 1672 is divided by 149?
33
What is the remainder when 63 is divided by 8?
7
What is the remainder when 2565 is divided by 18?
9
Calculate the remainder when 47 is divided by 3.
2
Calculate the remainder when 194 is divided by 33.
29
Calculate the remainder when 176 is divided by 40.
16
Calculate the remainder when 6673 is divided by 32.
17
Calculate the remainder when 37 is divided by 4.
1
What is the remainder when 53 is divided by 22?
9
Calculate the remainder when 623 is divided by 160.
143
What is the remainder when 31 is divided by 16?
15
Calculate the remainder when 862 is divided by 57.
7
Calculate the remainder when 856 is divided by 84.
16
What is the remainder when 74 is divided by 8?
2
Calculate the remainder when 614 is divided by 166.
116
Calculate the remainder when 586 is divided by 160.
106
Calculate the remainder when 5662 is divided by 12.
10
What is the remainder when 8931 is divided by 14?
13
What is the remainder when 1393 is divided by 31?
29
What is the remainder when 417 is divided by 143?
131
What is the remainder when 19 is divided by 3?
1
What is the remainder when 1269 is divided by 213?
204
What is the remainder when 469 is divided by 185?
99
Calculate the remainder when 490 is divided by 78.
22
What is the remainder when 19 is divided by 6?
1
What is the remainder when 227 is divided by 20?
7
What is the remainder when 178 is divided by 10?
8
Calculate the remainder when 142 is divided by 9.
7
What is the remainder when 164 is divided by 85?
79
Calculate the remainder when 1467 is divided by 98.
95
Calculate the remainder when 186 is divided by 52.
30
Calculate the remainder when 348 is divided by 22.
18
Calculate the remainder when 8683 is divided by 334.
333
Calculate the remainder when 1068 is divided by 354.
6
What is the remainder when 123 is divided by 40?
3
What is the remainder when 239 is divided by 99?
41
Calculate the remainder when 367 is divided by 53.
49
Calculate the remainder when 141 is divided by 33.
9
Calculate the remainder when 56 is divided by 39.
17
Calculate the remainder when 126 is divided by 13.
9
Calculate the remainder when 45 is divided by 24.
21
What is the remainder when 807 is divided by 90?
87
Calculate the remainder when 1801 is divided by 359.
6
Calculate the remainder when 124 is divided by 63.
61
Calculate the remainder when 56 is divided by 3.
2
Calculate the remainder when 263 is divided by 67.
62
Calculate the remainder when 6992 is divided by 212.
208
Calculate the remainder when 434 is divided by 88.
82
Calculate the remainder when 1034 is divided by 115.
114
Calculate the remainder when 486 is divided by 74.
42
Calculate the remainder when 382 is divided by 56.
46
What is the remainder when 125 is divided by 4?
1
Calculate the remainder when 5737 is divided by 22.
17
Calculate the remainder when 667 is divided by 615.
52
Calculate the remainder when 5693 is divided by 948.
5
What is the remainder when 328 is divided by 33?
31
Calculate the remainder when 389 is divided by 385.
4
What is the remainder when 262 is divided by 35?
17
Calculate the remainder when 1970 is divided by 1961.
9
Calculate the remainder when 1142 is divided by 143.
141
What is the remainder when 81 is divided by 5?
1
Calculate the remainder when 373 is divided by 33.
10
What is the remainder when 152 is divided by 52?
48
Calculate the remainder when 1798 is divided by 296.
22
What is the remainder when 2869 is divided by 99?
97
What is the remainder when 25 is divided by 14?
11
What is the remainder when 512 is divided by 51?
2
What is the remainder when 46 is divided by 19?
8
Calculate the remainder when 340 is divided by 38.
36
What is the remainder when 2388 is divided by 67?
43
What is the remainder when 50 is divided by 15?
5
Calculate the remainder when 214 is divided by 4.
2
Calculate the remainder when 4708 is divided by 17.
16
Calculate the remainder when 6390 is divided by 17.
15
What is the remainder when 133 is divided by 27?
25
What is the remainder when 161 is divided by 35?
21
Calculate the remainder when 117 is divided by 64.
53
Calculate the remainder when 817 is divided by 129.
43
Calculate the remainder when 9026 is divided by 153.
152
What is the remainder when 10106 is divided by 38?
36
Calculate the remainder when 22 is divided by 12.
10
What is the remainder when 165 is divided by 42?
39
What is the remainder when 405 is divided by 48?
21
What is the remainder when 1682 is divided by 9?
8
What is the remainder when 71 is divided by 9?
8
Calculate the remainder when 139 is divided by 45.
4
Calculate the remainder when 84 is divided by 36.
12
Calculate the remainder when 496 is divided by 62.
0
Calculate the remainder when 268 is divided by 17.
13
What is the remainder when 6994 is divided by 53?
51
Calculate the remainder when 1505 is divided by 27.
